. What is i(-16)?
908
Let v(i) = -7856*i + 125425. Determine v(16).
-271
Let d(i) = -157*i - 16587. Calculate d(-105).
-102
Let z(s) = s**3 - 6*s**2 + 25*s + 47. Give z(-2).
-35
Let m(y) = -y**3 - 4*y**2 - 1695*y - 3378. Give m(-2).
4
Let t(j) = -2*j**3 + 132*j**2 + 233*j + 2655. Give t(68).
3
Let d(t) = -t**3 + 5*t**2 + 26*t + 30. What is d(-6)?
270
Let o(p) = -711*p - 8309. Calculate o(-11).
-488
Let w(k) = -1175*k - 184783. What is w(-157)?
-308
Let o(l) = -888*l**2 - 2662*l - 1. Determine o(-3).
-7
Let x(u) = -4*u**2 - 493*u - 10149. Calculate x(-97).
36
Let n(t) = 275*t + 14025. Give n(-51).
0
Let s(x) = -x**3 + 32*x**2 - 654*x - 2274. Give s(-3).
3
Let h(b) = 3*b**3 - 36*b**2 + 1211*b - 14518. Give h(12).
14
Let p(s) = 2448*s + 1329230. Calculate p(-543).
-34
Let b(y) = -28954*y - 1013395. What is b(-35)?
-5
Let b(w) = 6*w**2 - 115*w - 22203. Determine b(-52).
1
Let s(u) = -104*u**2 - 2917*u - 185. What is s(-28)?
-45
Let o(m) = 769*m - 7341. Calculate o(9).
-420
Let y(m) = -m**3 + 11*m**2 + 601*m - 1834. Calculate y(3).
41
Let p(a) = -138*a - 353. Give p(3).
-767
Let z(l) = -19*l**3 + 3*l**2 + 21*l - 68. Determine z(3).
-491
Let b(t) = 15820*t + 94984. Give b(-6).
64
Let d(x) = 37962*x - 1442552. Determine d(38).
4
Let t(l) = l**2 - 104*l - 1107. Give t(-10).
33
Let m(o) = -o**3 - 53*o**2 + 1220*o + 1941. Determine m(-70).
-159
Let c(o) = 4*o**2 + 1380*o + 115042. Determine c(-141).
-14
Let i(g) = 2*g**3 - 76*g**2 - 15*g + 462. Determine i(38).
-108
Let t(k) = k**3 - 170*k**2 + 184*k + 25439. Give t(168).
-97
Let g(r) = -9816*r - 579150. Calculate g(-59).
-6
Let i(d) = d**2 + 99*d - 2415. What is i(19)?
-173
Let n(q) = -11*q**2 - 10*q - 120. Calculate n(-6).
-456
Let w(u) = u**2 + 304*u + 21867. Determine w(-187).
-12
Let r(k) = -148*k - 2101. Give r(-2).
-1805
Let k(v) = -110135*v + 440550. Calculate k(4).
10
Let z(v) = -24*v**2 + 23*v + 125. Determine z(-5).
-590
Let r(i) = 2*i**2 + 39323*i - 1576121. What is r(40)?
-1
Let h(r) = r**2 + 3192*r + 315186. Calculate h(-102).
6
Let f(x) = 3*x**3 - 93*x**2 + 55*x - 2659. Give f(31).
-954
Let v(r) = 3*r**3 - 129*r**2 - 156*r + 649. Give v(44).
-407
Let p(n) = 923*n - 17477. Give p(16).
-2709
Let r(u) = 16*u**2 - 1098*u - 1478. What is r(70)?
62
Let m(b) = 2244*b - 83122. Calculate m(37).
-94
Let b(m) = 120*m**3 + 35*m**2 + 21*m - 56. Determine b(1).
120
Let x(g) = -g**2 - 97*g + 12754. What is x(-161)?
2450
Let s(r) = -3*r**3 + 1063*r**2 - 35223*r - 40. Determine s(37).
-3
Let i(n) = 39*n + 310. Give i(-15).
-275
Let i(h) = -129*h + 9456. Give i(58).
1974
Let r(q) = 33824*q - 304421. What is r(9)?
-5
Let i(v) = 181*v + 7426. Calculate i(-42).
-176
Let x(g) = -3*g**2 - 122*g + 1211. Determine x(9).
-130
Let d(m) = 13048*m + 274022. Give d(-21).
14
Let h(d) = 166*d - 518. Calculate h(11).
1308
Let d(k) = 5978*k - 36470. Calculate d(6).
-602
Let f(h) = -h**3 - 41*h**2 + 13*h - 3207. What is f(-43)?
-68
Let k(b) = -4330*b - 593169. Calculate k(-137).
41
Let l(j) = 6*j**2 - 63*j - 61. Calculate l(8).
-181
Let l(b) = b**3 + 5553*b**2 + 94102*b - 75. What is l(-17)?
95
Let r(s) = 231*s**2 + 3691*s + 54. What is r(-16)?
134
Let c(v) = 776170*v + 1552377. Give c(-2).
37
Let n(y) = -7573*y - 15224. Calculate n(-2).
-78
Let g(o) = o**3 - 10*o**2 + 280*o - 3201. Calculate g(11).
0
Let y(p) = 179*p**2 + 653*p + 662. What is y(-1)?
188
Let q(z) = 31886*z + 1084141. Calculate q(-34).
17
Let m(r) = -2635*r - 1296359. What is m(-492)?
61
Let w(l) = -61*l**3 - 15*l**2 - 119*l + 134. What is w(1)?
-61
Let l(x) = -122*x**2 - 8742*x + 3011. Determine l(-72).
-13
Let a(x) = -27314*x - 300418. Calculate a(-11).
36
Let t(r) = -18297*r + 73197. Give t(4).
9
Let g(r) = 13*r**2 + 982*r + 515. Give g(-75).
-10
Let a(h) = -137*h**2 + 10555*h - 370. Give a(77).
92
Let h(p) = p**3 + 21*p**2 - 55*p - 2049. Calculate h(-17).
42
Let n(l) = 2*l**3 + 44*l**2 - 73*l - 1010. Give n(-21).
1405
Let k(x) = 4*x**3 + 29*x**2 + 334*x + 3187. Calculate k(-9).
-386
Let f(r) = -3*r**2 + 237*r + 2565. Give f(88).
189
Let z(f) = 275*f - 22067. What is z(80)?
-67
Let u(z) = 474*z**2 - 9973*z + 82. Give u(21).
-317
Let b(h) = -3*h**2 + 163*h + 353. Calculate b(55).
243
Let d(f) = -4*f**3 - 10*f**2 + 10*f + 150. Determine d(-4).
206
Let p(i) = 253*i - 18536. Give p(71).
-573
Let o(b) = 10*b**2 - 4396*b - 39682. Give o(-9).
692
Let t(m) = 704*m - 102059. Calculate t(145).
21
Let h(f) = -f**2 + 13507*f - 175405. Give h(13).
17
Let d(m) = 78197*m + 4535417. Calculate d(-58).
-9
Let w(l) = -22*l**2 - 366*l + 366. Calculate w(1).
-22
Let x(k) = 12*k**3 - 400*k**2 - 578*k - 176. Determine x(-1).
-10
Let r(m) = 8*m**2 + 197*m + 197. Give r(-1).
8
Let a(n) = n**3 + 140*n**2 - 317*n - 44852. Determine a(-140).
-472
Let y(h) = h**2 + 10250*h + 20493. Give y(-2).
-3
Let l(n) = -n**3 - 168*n**2 + 1418*n + 3584. Give l(10).
-36
Let j(w) = 99980*w - 999794. Give j(10).
6
Let v(y) = 1232*y**2 - 18481*y + 10. What is v(15)?
-5
Let c(t) = -16*t**2 + 393*t + 28. Determine c(26).
-570
Let q(j) = -267*j + 541. What is q(2)?
7
Let c(v) = 606*v - 666. Give c(1).
-60
Let h(q) = q**3 + 12*q**2 + 346*q + 638. Calculate h(-2).
-14
Let a(p) = -7*p**2 - 15*p - 108. Give a(-7).
-346
Let v(l) = 633*l + 133653. Determine v(-211).
90
Let l(x) = 199*x**2 - 639*x - 28. Determine l(3).
-154
Let y(m) = 45675*m + 136919. Determine y(-3).
-106
Let l(u) = -19479*u + 214262. Determine l(11).
-7
Let a(p) = -29*p**2 - 10142*p - 37390. Give a(-346).
-22
Let w(m) = -3*m**3 + 159*m**2 + 126*m - 46. Calculate w(54).
-1990
Let f(v) = 71*v**2 + 21096*v + 84394. What is f(-4)?
1146
Let c(i) = -i**3 - 45*i**2 + 362*i + 1079. Determine c(-52).
1183
Let s(f) = f**3 + 48*f**2 - 728*f + 3980. What is s(-61)?
15
Let l(d) = -2*d**2 + 112*d + 1620. What is l(-11)?
146
Let j(f) = -33*f**2 + 126*f + 18. Calculate j(1).
111
Let w(u) = -1297*u + 237451. What is w(183)?
100
Let b(a) = -a**3 - 3*a**2 + 59*a - 102. Give b(0).
-102
Let u(f) = -10*f**2 - 202*f + 1267. What is u(-25)?
67
Let i(y) = 11*y**2 + 570*y + 7407. Determine i(-26).
23
Let i(l) = l**3 - 28*l**2 - 18*l + 1189. What is i(27)?
-26
Let g(y) = 28*y**3 + 225*y**2 - 218*y + 217. Calculate g(-9).
-8
Let y(b) = -b**2 - 243480*b + 2191406. Give y(9).
5
Let d(l) = -1412*l + 6543. What is d(5)?
-517
Let a(f) = -f**3 - 29*f**2 - 105*f + 319. What is a(-8)?
-185
Let d(x) = 110*x - 4029. What is d(46)?
1031
Let l(f) = 2*f**2 + 71*f - 11049. What is l(67)?
2686
Let s(y) = -y**3 + 39*y**2 - 50*y + 7398. Determine s(42).
6
Let q(t) = -t**3 - 19*t**2 - 25*t - 234. What is q(-14)?
-864
Let s(p) = -953*p - 123974. Give s(-130).
-84
Let g(v) = -3*v**3 + 77*v**2 + 711*v + 368. Determine g(33).
-127
Let r(a) = -2*a**2 - 214*a - 5160. Calculate r(-74).
-276
Let t(a) = -616427*a + 1232847. Calculate t(2).
-7
Let s(v) = -189629*v + 758452. Give s(4).
-64
Let j(c) = -63217*c - 568949. Determine j(-9).
4
Let x(q) = 483*q**2 + 1684*q + 713. Give x(-3).
8
Let u(g) = -89*g + 134. Determine u(-2).
312
Let i(r) = -208*r**2 - 3357*r - 89. Give i(-16).
375
Let z(f) = 78*f**3 + 293*f**2 + 583*f - 4. What is z(-2)?
-622
Let j(l) = 42232*l - 295377. Determine j(7).
247
Let k(i) = i**3 - 25*i**2 - 196*i + 325. What is k(31)?
15
Let n(r) = -2*r**2 - 213*r + 3480. Give n(15).
-165
Let k(q) = -27*q**2 - 4703*q + 8611. What is k(-176)?
-13
Let g(y) = 295495*y + 7387374. Determine g(-25).
-1
Let p(z) = -361*z**2 + 32810*z + 3737. Determine p(91).
6
Let o(x) = 167*x**2 + 7643*x - 15951. What is o(2)?
3
Let h(v) = 2*v**2 - 3313*v + 460073. What is h(153)?
2
Let n(k) = -573*k - 2565. Determine n(-4).
-273
Let k(g) = -11*g + 2129. Determine k(5).
2074
Let g(r) = -108*r - 2221. Give g(-23).
263
Let i(c) = -172*c + 5910. What is i(45)?
-1830
Let n(j) = -3*j**2 + 775*j - 33568. Calculate n(55).
-18
Let j(h) = -h**3 - 52*h**2 - 174*h + 911. Determine j(-48).
47
Let f(m) = m**3 - 31*m**2 + 33*m + 1244. Calculate f(28).
-184
Let o(y) = -12*y**3 - 100*y**2 - 121*y - 78. Determine o(-7).
-15
Let t(r) = 2*r**2 + 3060*r + 19. What is t(0)?
19
Let s(n) = 2*n**3 + 347*n**2 + 1856*n + 1347. Give s(-168).
3
Let x(f) = 903*f + 723. Determine x(0).
723
Let g(j) = 418*j - 50980. What is g(122)?
16
Let g(h) = 2*h**2 - 32*h - 570. Determine g(34).
654
Let y(i) = -10*i**3 - 446*i**2 - 1335*i - 3.